 the units digit of d?
7
Let s be 2/((-6)/(-4) + -1). Suppose -3*x + 5*j = -27, s*x + 0*x - 62 = -2*j. What is the units digit of x/(2/(-21)*-3)?
9
Suppose 5*x = 65*x + 1080. Suppose 4*z = 9*z + 20. What is the tens digit of z/x + 860/18?
4
Let y be (500 - -1)/((-3)/(-11)) + -3. Suppose -3*t + 1820 = -5*w, -y = -3*t - w - w. What is the tens digit of t?
1
Suppose 20*r + 20*r = 7*r + 610236. What is the tens digit of r?
9
Suppose -9*j + 23*j = 11550. Let p be (-2)/(-4)*(j - 1). Let n = p - 212. What is the tens digit of n?
0
What is the tens digit of (949/3 - (-56)/84)/(2/346)?
4
Suppose h - 4122 = -p, -6*p + 2*h = -9*p + 12370. What is the tens digit of p?
2
Suppose 2*p - 4 = 0, -534 - 1777 = y - 3*p. Let n = -1531 - y. What is the hundreds digit of n?
7
Let s(f) = f**3 + 2*f**2 + 1. Let m(r) = 56*r**3 + 8*r**2 - 6*r + 3. Let o(l) = -m(l) + 5*s(l). What is the units digit of o(-2)?
6
Let u = 27808 + -16166. What is the hundreds digit of u?
6
Suppose -2*s = -5*s + 138. Let y = 150 - s. What is the tens digit of -19 + 21 + 1*y?
0
Let i(t) = -3*t**3 + 9*t**2 - 24*t - 17. Let r(s) = -7*s**3 + 17*s**2 - 49*s - 36. Let l(j) = -5*i(j) + 2*r(j). What is the tens digit of l(12)?
2
Let v be (2 + -4 + 5 - 4) + 4. Suppose -416 = -u - 3*d - 162, -2*d + 776 = v*u. What is the units digit of u?
0
Let c(q) = 273*q**2 + 86*q + 9. What is the units digit of c(-11)?
6
Suppose -3*s + 64713 = 3*t, 348*t + 5*s - 43148 = 346*t. What is the thousands digit of t?
1
Suppose 3*i + 2*y = -110, 0*i = -3*i + 4*y - 104. What is the tens digit of (96/(-2))/(75/i - -2)?
7
Let q(y) = -y**3 + 10*y**2 + 7*y - 8. Let l = 140 + -135. Suppose -l*u + 15 = -10. What is the tens digit of q(u)?
5
What is the units digit of (4/(-3))/(54291/18099 + -3)?
2
Let q(r) = 187*r + 3. Let x be q(2). Suppose 5*m + a = x + 158, -321 = -3*m + 2*a. What is the tens digit of m?
0
Suppose 182520 = -72*a + 102*a. What is the hundreds digit of a?
0
Suppose 5*r = -0*m - 2*m + 953, r = -5*m + 209. Let l be ((-498)/(-18))/((-3)/(-9)). Let a = r - l. What is the tens digit of a?
0
Let v = 16488 - 9394. What is the thousands digit of v?
7
Let q = -26434 + 39514. What is the ten thousands digit of q?
1
Suppose -53 + 296 = -i. Let t = i + 162. What is the tens digit of t/2*(-150)/45?
3
Suppose 2*j = n - 49558, 171117 + 27099 = 4*n - 4*j. What is the hundreds digit of n?
5
Let q(z) = 13 + 7*z - 6*z - 10. Let h be q(3). Let p = h - -26. What is the units digit of p?
2
Let s = -153202 + 227184. What is the ten thousands digit of s?
7
Suppose -116*t = -148*t + 144256. What is the tens digit of t?
0
Let f = -127 + 250. Suppose 33 + f = y - v, -160 = -y + 5*v. What is the units digit of y?
5
What is the tens digit of (-9042)/(-21) + (-490)/(-343)?
3
What is the tens digit of 1*(-7)/14 - 7/(70/(-353055))?
0
Let r(l) = 223*l**2 + 49*l - 170. What is the thousands digit of r(5)?
5
Suppose -3*o - 22197 = -3*c, -2*o + 6*o + 14812 = 2*c. What is the hundreds digit of c?
3
Suppose 670021 = 13*z + 38*z + 141304. What is the units digit of z?
7
Let f(i) = -5*i**3 - i**2 + 20*i - 1. Let a(b) = 5*b**3 + 3*b**2 - 22*b + 2. Let x(c) = -3*a(c) - 4*f(c). What is the units digit of x(6)?
4
What is the thousands digit of ((56889/36)/(-21))/(-4 - 447/(-112))?
8
Let f(s) = 11*s**2 + 83*s + s**3 - 34*s - 43*s + 20. What is the tens digit of f(-6)?
6
Let o(m) = m**3 + 20*m**2 - 8*m + 23. Suppose 0 = -s - 148 + 132. What is the tens digit of o(s)?
7
Let b(m) = 498*m**2 + 75*m - 125. What is the tens digit of b(-9)?
3
Let g = -166 + 171. Suppose g*v + 2*w = -w + 2670, v = -3*w + 546. What is the hundreds digit of v?
5
Suppose 8860 - 29780 = -20*u. Let n = u + -563. What is the tens digit of n?
8
Suppose 8 = 2*u - 2. Suppose u = 9*z - 13. Let n(f) = -f**3 + 3*f**2 - 3*f + 5. What is the units digit of n(z)?
3
Suppose 3*x = 4*r + x, -3*r = -2*x. Suppose -5*j + 262 + 428 = 5*s, r = -3*s + j + 406. What is the units digit of s?
6
Suppose 4*a = 3*q - 33259, -10 = -4*a + 14*a. What is the units digit of q?
5
Let r be ((-13184)/384)/(((-8)/9 + 1)/(-1)). Suppose 1 - 10 = -3*a. Suppose a*u - 3*i - r = 0, 3*u + i - 309 = -2*i. What is the tens digit of u?
0
Let q(k) = k**3 + 9*k**2 - 18*k. Let z(t) = -t**3 - 8*t**2 + 18*t + 2. Let o(c) = 3*q(c) + 4*z(c). What is the units digit of o(-13)?
6
Let z = 38986 + -25460. Suppose 0 = 34*s - 618 - z. What is the tens digit of s?
1
Let l = -47 - -54. Suppose l*z + 2944 = 10273. What is the units digit of z?
7
Suppose k = -69*p + 72*p - 3154, 3*k = -3*p + 3150. What is the thousands digit of p?
1
Let y = -298 + 311. Suppose 5*c + 8*m - y*m = 4915, 3*c - 2981 = -5*m. What is the units digit of c?
7
What is the tens digit of (312/40 - 7)*-25*(-315)/6?
5
Suppose 149*f = 140*f + 36297. Suppose -218 = 7*t - f. What is the hundreds digit of t?
5
Let x be (12/15)/((-2)/(-450)). Suppose 4*z + x = 10*z. What is the units digit of (-3)/(-9) - (-830)/z?
8
Let v = 14259 - 5469. What is the tens digit of (3 + 22/(-6))*v/(-20)?
9
Let u(l) = -36*l - 4. Let q be u(2). Let j = q + 80. Suppose 0*t + 5*d - 474 = -j*t, 3*t = -4*d + 356. What is the units digit of t?
6
Let h(j) = -j**2 - 6*j - 15. Suppose -6 = -3*k + 2*m - 29, m - 29 = 4*k. Let c be h(k). What is the units digit of 2/3*(-3663)/c?
1
Let m(l) = -5*l + 3. Let r be m(3). Let j be (-56)/49 - 12562/(-77). What is the tens digit of j/(-4)*r/6?
8
Let n = -274 - -381. Suppose 504 - n = v. What is the tens digit of v?
9
Let t = 94 - 52. Let g = t - 37. Suppose g*d + 315 - 1620 = 0. What is the units digit of d?
1
Suppose 0 = -6*w + 12*w + 18. What is the tens digit of 481 - (3 + w/(-3))?
7
Let w(b) = -3*b - 9. Let r(a) = 2*a + 9. Let z(f) = -2*r(f) - 3*w(f). Let t be z(9). Suppose 88 = 2*v - t. What is the units digit of v?
1
Suppose 0 = 11*m + 5*m + 3*m - 187967. What is the units digit of m?
3
Let r be 5 + 2 - (11 + 965). Let x = r + 1728. What is the units digit of x?
9
Let d be (3 - -13) + -3 + 0. Let a = 12 - d. Let b = a - -70. What is the units digit of b?
9
Let u(z) = 423*z - 17. Let y be 3 - ((-4)/(-5) - (-39)/195). What is the tens digit of u(y)?
2
Let t = 32402 + -16534. What is the ten thousands digit of t?
1
Let c(t) = -t**3 - 10*t**2 - 5*t - 34. Let a(r) = r**3 + r**2 + r - 2. Let g(u) = -2*a(u) - c(u). What is the hundreds digit of g(-6)?
5
Let j(n) = -382*n + 54. Let d be j(-27). Suppose -37*v = d - 42188. What is the units digit of v?
0
Let f be 19/38 + 2/(-4). Suppose -n + 617 = 2*a, f = 7*a - 2*a - 2*n - 1565. What is the tens digit of a?
1
Let m = 9639 - -687. What is the units digit of m?
6
Suppose 188*n = 699544 + 1219560. What is the tens digit of n?
0
Suppose 2*i + 4003 = 4*j + 1303, 3*i - 3*j + 4044 = 0. Let w = -851 - i. What is the units digit of w?
5
Let d be (10/12)/(10/(-15))*-172. Suppose d = -8*v - 249. Let h = 63 - v. What is the hundreds digit of h?
1
Let y(n) = -11*n**2 + 12*n**2 + 11*n - 22*n - 4. Let v(q) = q**2 - 6*q - 2. Let w be v(8). What is the units digit of y(w)?
8
Let u be (12/(-40)*-318)/(12/40). Suppose u = 5*r - 3*r. What is the units digit of r?
9
Let i(x) = x**2 + 16*x + 65. Let q be i(24). Suppose m + 0*m = 4*o + 1010, -m + o + q = 0. What is the units digit of m?
0
Let r = 65068 + -28425. What is the tens digit of r?
4
Let t = 2274 - 1077. Let z be t/(-5) + 36/(-60). Let s = 368 + z. What is the tens digit of s?
2
Let w = -9 + 6. Let v be ((-2 - 5) + w)*-2. Suppose -v*a + 22*a - 60 = 0. What is the units digit of a?
0
Let x(a) = 44*a**2 + 6*a - 4. Let n be (0 - -8) + 2 + -8. What is the hundreds digit of x(n)?
1
Suppose -64*u + 57288 + 142108 = 63140. What is the tens digit of u?
2
Suppose 3*o + 461966 = 12*o + 10*o. What is the units digit of o?
4
Suppose 3*s - 67014 = -48*s + 1247256. What is the ten thousands digit of s?
2
Suppose 73*z = 78*z - 5130. Suppose -3*x = 3*x + z. Let n = x + 251. What is the tens digit of n?
8
What is the hundreds digit of 4258 - (60/(-12) - -3)?
2
Let k = 38332 + -22798. What is the thousands digit of k?
5
Let h(p) = -10*p**3 + 347*p**2 - 54*p - 5. What is the units digit of h(34)?
1
Suppose 44*y - 1459826 = 644474. What is the units digit of y?
5
Let j = -50 + 56. Let i(d) = 13*d + j - 34*d - 10 - 13. What is the hundreds digit of i(-7)?
1
Let v(a) = 17*a**3 + 2*a**2 - 16*a + 60. Let 